{"id":495,"date":"2026-04-17T19:11:52","date_gmt":"2026-04-17T19:11:52","guid":{"rendered":"https:\/\/chamanmayorcatemaco.com\/?page_id=495"},"modified":"2026-04-17T19:17:21","modified_gmt":"2026-04-17T19:17:21","slug":"terminos","status":"publish","type":"page","link":"https:\/\/chamanmayorcatemaco.com\/index.php\/terminos\/","title":{"rendered":"TERMINOS"},"content":{"rendered":"\t\t<div data-elementor-type=\"wp-page\" data-elementor-id=\"495\" class=\"elementor elementor-495\" data-elementor-post-type=\"page\">\n\t\t\t\t\t\t<section class=\"elementor-section elementor-top-section elementor-element elementor-element-7f7c3c1 elementor-section-height-min-height elementor-section-full_width elementor-section-height-default elementor-section-items-middle\" data-id=\"7f7c3c1\" data-element_type=\"section\" data-e-type=\"section\" data-settings=\"{&quot;background_background&quot;:&quot;classic&quot;,&quot;shape_divider_bottom&quot;:&quot;tilt&quot;,&quot;background_motion_fx_motion_fx_scrolling&quot;:&quot;yes&quot;,&quot;background_motion_fx_devices&quot;:[&quot;desktop&quot;,&quot;tablet&quot;,&quot;mobile&quot;]}\">\n\t\t\t\t\t\t\t<div class=\"elementor-background-overlay\"><\/div>\n\t\t\t\t\t\t<div class=\"elementor-shape elementor-shape-bottom\" aria-hidden=\"true\" data-negative=\"false\">\n\t\t\t<svg xmlns=\"http:\/\/www.w3.org\/2000\/svg\" viewBox=\"0 0 1000 100\" preserveAspectRatio=\"none\">\n\t<path class=\"elementor-shape-fill\" d=\"M0,6V0h1000v100L0,6z\"\/>\n<\/svg>\t\t<\/div>\n\t\t\t\t\t<div class=\"elementor-container elementor-column-gap-default\">\n\t\t\t\t\t<div class=\"elementor-column elementor-col-66 elementor-top-column elementor-element elementor-element-d687199 elementor-invisible\" data-id=\"d687199\" data-element_type=\"column\" data-e-type=\"column\" data-settings=\"{&quot;animation&quot;:&quot;fadeInLeft&quot;}\">\n\t\t\t<div class=\"elementor-widget-wrap elementor-element-populated\">\n\t\t\t\t\t\t<div class=\"elementor-element elementor-element-8a19962 elementor-widget elementor-widget-heading\" data-id=\"8a19962\" data-element_type=\"widget\" data-e-type=\"widget\" data-widget_type=\"heading.default\">\n\t\t\t\t\t<h1 class=\"elementor-heading-title elementor-size-default\">T\u00e9rminos de uso legal<\/h1>\t\t\t\t<\/div>\n\t\t\t\t<div class=\"elementor-element elementor-element-419092a elementor-widget elementor-widget-text-editor\" data-id=\"419092a\" data-element_type=\"widget\" data-e-type=\"widget\" data-widget_type=\"text-editor.default\">\n\t\t\t\t\t\t\t\t\t<ul><li>En www.chamanmayorcatemaco.com queremos aclarar que este sitio web es solo para mayores de 18 a\u00f1os y tendr\u00e1 de acuerdo a las legislaciones vigentes como finalidad, el entretenimiento de personas adultas, mayores de edad y facultadas mentalmente para entender que en ning\u00fan caso la informaci\u00f3n aqu\u00ed conferida reemplaza la debida atenci\u00f3n m\u00e9dica, psicol\u00f3gica y\/o jur\u00eddica que pueda requerir en cualquier caso.<\/li><\/ul><p>Limitaci\u00f3n de responsabilidad<\/p><ul><li>Al navegar en este sitio Web el visitante declara que est\u00e1 de acuerdo con nuestros t\u00e9rminos, pol\u00edticas y servicios prestados y la solicitud de los mismos se har\u00e1 de forma voluntaria, reconociendo que en cualquier caso siempre se entender\u00e1 que las videncias, magias, hechizos, lectura de cartas y actividades esot\u00e9ricas, son consideradas actividades con fines de entretenimiento, esparcimiento y recreaci\u00f3n dirigidas \u00fanica y exclusivamente a mayores de 18 a\u00f1os de edad.<\/li><li>Los resultados de nuestros servicios pueden variar de una persona a otra, y no hay garant\u00eda bajo la cual se pueda asegurar el \u00e9xito utilizando nuestros Servicios. Los servicios que se ofrecen en el sitio son alternativas subjetivas y los resultados bajo ninguna circunstancia podr\u00e1n asegurarse.<\/li><li>El uso de uno o varios de los servicios ofrecidos en esta web queda a consideraci\u00f3n del usuario. Si acepta el servicio ofrecido por esta web estar\u00e1 sujeta a su propia interpretaci\u00f3n y uso.<\/li><\/ul><p>Pol\u00edtica de Privacidad<\/p><ul><li>Por ning\u00fan motivo en este sitio web recolecta informaci\u00f3n personal de tratamiento sensible (financiera, religiosa, tarjetas de cr\u00e9dito, privada, ni n\u00fameros de identificaci\u00f3n). Los datos solicitados se deben de entregar de manera voluntaria y que solo ser\u00e1n usados para darles uso a la consulta o necesidad espec\u00edfica del usuario y prestarle un mejor servicio, en caso de que usted desee reservar su nombre puede sustituirlo por un seud\u00f3nimo. La informaci\u00f3n enviada v\u00eda e-mail se har\u00e1 bajo la autorizaci\u00f3n de cada uno de los usuarios.<\/li><li>En ning\u00fan caso vendemos ni compartimos ning\u00fan tipo de informaci\u00f3n, siendo totalmente Confidencial.<\/li><\/ul><p>Pago de servicios:<\/p><ul><li>La consulta\u00a0 tendr\u00e1 un costo, siempre y cuando, una vez realizada, se interese por tomar alg\u00fan servicio con nosotros. Exija siempre la orientaci\u00f3n, consultando los precios establecidos para la solicitud del servicio.<\/li><\/ul><p>Garant\u00eda de Servicio:<\/p><ul><li>Si por alguna raz\u00f3n usted no est\u00e1 satisfecho con su experiencia, no dude en ponerse en contacto con nosotros y con gusto le atenderemos para darle prioridad a sus dudas e inquietudes.<\/li><\/ul><p>Informaci\u00f3n sobre los costos y pagos:<\/p><ul><li>Las consultas realizadas por nuestro formulario de contacto y el chat en vivo de nuestros maestros no tienen ning\u00fan costo, los precios var\u00edan seg\u00fan la necesidad y el servicio prestado.<\/li><li>El costo de la llamada y consulta es gratis. Los valores facturados ser\u00e1n los que estipulados por su empresa de telefon\u00eda local o celular y ser\u00e1n ellos quienes efect\u00faen el recaudo por el mismo.<\/li><li>Los costos pueden variar seg\u00fan el servicio, la persona puede aceptar los gastos o simplemente no aceptar el servicio. Cada servicio depender\u00e1 de lo que el usuario y el consultor.<\/li><li>Los costos se utilizan para los materiales del servicio solicitado por la persona.<\/li><li>Los resultados ante cada caso son probables y no existe certeza alguna de que ocurran, quien consulte nuestra web y solicite nuestra asesor\u00eda deber\u00e1 entender que cada persona es en s\u00ed misma diferente y por tanto los resultados var\u00edan de una a otra.<\/li><li>Las predicciones, lectura de cartas, videncias ps\u00edquicas y los hechizos, tienen fines \u00fanicamente de entretenimiento y ayuda personal que ser\u00e1 brindada solo a mayores de 18 a\u00f1os, en acuerdo con las legislaciones y normatividad actuales.<\/li><li>Todas las personas son diferentes, por tanto los resultados pueden variar de una persona a otra.<\/li><\/ul>\t\t\t\t\t\t\t\t<\/div>\n\t\t\t\t<section class=\"elementor-section elementor-inner-section elementor-element elementor-element-19c7474 elementor-section-boxed elementor-section-height-default elementor-section-height-default\" data-id=\"19c7474\" data-element_type=\"section\" data-e-type=\"section\">\n\t\t\t\t\t\t<div class=\"elementor-container elementor-column-gap-no\">\n\t\t\t\t\t<div class=\"elementor-column elementor-col-100 elementor-inner-column elementor-element elementor-element-d52989e\" data-id=\"d52989e\" data-element_type=\"column\" data-e-type=\"column\">\n\t\t\t<div class=\"elementor-widget-wrap elementor-element-populated\">\n\t\t\t\t\t\t<div class=\"elementor-element elementor-element-8582407 elementor-mobile-align-center elementor-align-center elementor-widget elementor-widget-button\" data-id=\"8582407\" data-element_type=\"widget\" data-e-type=\"widget\" data-widget_type=\"button.default\">\n\t\t\t\t\t\t\t\t\t\t<a class=\"elementor-button elementor-button-link elementor-size-sm\" href=\"https:\/\/wa.link\/5xavmk\">\n\t\t\t\t\t\t<span class=\"elementor-button-content-wrapper\">\n\t\t\t\t\t\t\t\t\t<span class=\"elementor-button-text\">Consulta Ahora<\/span>\n\t\t\t\t\t<\/span>\n\t\t\t\t\t<\/a>\n\t\t\t\t\t\t\t\t<\/div>\n\t\t\t\t\t<\/div>\n\t\t<\/div>\n\t\t\t\t\t<\/div>\n\t\t<\/section>\n\t\t\t\t\t<\/div>\n\t\t<\/div>\n\t\t\t\t<div class=\"elementor-column elementor-col-33 elementor-top-column elementor-element elementor-element-134b7f4\" data-id=\"134b7f4\" data-element_type=\"column\" data-e-type=\"column\">\n\t\t\t<div class=\"elementor-widget-wrap\">\n\t\t\t\t\t\t\t<\/div>\n\t\t<\/div>\n\t\t\t\t\t<\/div>\n\t\t<\/section>\n\t\t\t\t<\/div>\n\t\t","protected":false},"excerpt":{"rendered":"<p>T\u00e9rminos de uso legal En www.chamanmayorcatemaco.com queremos aclarar que este sitio web es solo para mayores de 18 a\u00f1os y tendr\u00e1 de acuerdo a las legislaciones vigentes como finalidad, el entretenimiento de personas adultas, mayores de edad y facultadas mentalmente para entender que en ning\u00fan caso la informaci\u00f3n aqu\u00ed conferida reemplaza la debida atenci\u00f3n m\u00e9dica, [&hellip;]<\/p>\n","protected":false},"author":1,"featured_media":0,"parent":0,"menu_order":0,"comment_status":"closed","ping_status":"closed","template":"","meta":{"rs_blank_template":"","rs_page_bg_color":"","slide_template_v7":"","footnotes":""},"class_list":["post-495","page","type-page","status-publish","hentry"],"_links":{"self":[{"href":"https:\/\/chamanmayorcatemaco.com\/index.php\/wp-json\/wp\/v2\/pages\/495","targetHints":{"allow":["GET"]}}],"collection":[{"href":"https:\/\/chamanmayorcatemaco.com\/index.php\/wp-json\/wp\/v2\/pages"}],"about":[{"href":"https:\/\/chamanmayorcatemaco.com\/index.php\/wp-json\/wp\/v2\/types\/page"}],"author":[{"embeddable":true,"href":"https:\/\/chamanmayorcatemaco.com\/index.php\/wp-json\/wp\/v2\/users\/1"}],"replies":[{"embeddable":true,"href":"https:\/\/chamanmayorcatemaco.com\/index.php\/wp-json\/wp\/v2\/comments?post=495"}],"version-history":[{"count":10,"href":"https:\/\/chamanmayorcatemaco.com\/index.php\/wp-json\/wp\/v2\/pages\/495\/revisions"}],"predecessor-version":[{"id":506,"href":"https:\/\/chamanmayorcatemaco.com\/index.php\/wp-json\/wp\/v2\/pages\/495\/revisions\/506"}],"wp:attachment":[{"href":"https:\/\/chamanmayorcatemaco.com\/index.php\/wp-json\/wp\/v2\/media?parent=495"}],"curies":[{"name":"wp","href":"https:\/\/api.w.org\/{rel}","templated":true}]}}